{"id":2613,"date":"2021-12-16T22:41:49","date_gmt":"2021-12-16T21:41:49","guid":{"rendered":"https:\/\/feuerwehrwoerth.de\/?page_id=2613"},"modified":"2025-08-24T15:17:13","modified_gmt":"2025-08-24T13:17:13","slug":"facheinheit-atemschutz","status":"publish","type":"page","link":"https:\/\/dev.feuerwehrwoerth.de\/index.php\/facheinheiten\/facheinheit-atemschutz\/","title":{"rendered":"Facheinheit Atemschutz"},"content":{"rendered":"\n<h2 class=\"wp-block-heading\">Organisatorisches<\/h2>\n\n\n\n<p>Der Facheinheit Atemschutz geh\u00f6ren alle Atemschutzger\u00e4tetr\u00e4ger der Stadt W\u00f6rth an. Diese f\u00fchren pro Jahr mindestens zwei einsatznahe \u00dcbungen durch und besuchen j\u00e4hrlich die Atemschutzstrecke der Feuerwehr R\u00fclzheim zum Belastungstest.<\/p>\n\n\n\n<h2 class=\"wp-block-heading\">Aufgaben<\/h2>\n\n\n\n<p>Die Atemschutzger\u00e4tetr\u00e4ger \u00fcbernehmen bei einem Brandeinsatz die Funktionen des Angriffs- und Sicherheitstrupps unter schweren Atemschutz. Sobald nicht ausgeschlossen werden kann, dass Kameraden durch Sauerstoffmangel oder Atemgifte im Einsatz gef\u00e4hrdet werden, muss ein umluftunabh\u00e4ngiger Atemschutz getragen werden. Hierzu sind eine <a href=\"https:\/\/feuerwehrwoerth.de\/index.php\/ausbildung\/atemschutzgeraetetraeger\/\" class=\"ek-link\">besondere Ausbildung<\/a>, wie auch regelm\u00e4\u00dfige Fortbildung und \u00dcbungen notwendig, um im Einsatzfall bestm\u00f6glich vorbereitet zu sein.<\/p>\n\n\n\n<figure class=\"wp-block-image size-large\"><img loading=\"lazy\" decoding=\"async\" width=\"1024\" height=\"768\" src=\"https:\/\/feuerwehrwoerth.de\/wp-content\/uploads\/ausr\u00fcstung\/pressluftatmer3-1024x768.jpg\" alt=\"\" class=\"wp-image-1220\" srcset=\"https:\/\/dev.feuerwehrwoerth.de\/wp-content\/uploads\/ausr\u00fcstung\/pressluftatmer3-1024x768.jpg 1024w, https:\/\/dev.feuerwehrwoerth.de\/wp-content\/uploads\/ausr\u00fcstung\/pressluftatmer3-300x225.jpg 300w, https:\/\/dev.feuerwehrwoerth.de\/wp-content\/uploads\/ausr\u00fcstung\/pressluftatmer3-768x576.jpg 768w, https:\/\/dev.feuerwehrwoerth.de\/wp-content\/uploads\/ausr\u00fcstung\/pressluftatmer3-1536x1152.jpg 1536w, https:\/\/dev.feuerwehrwoerth.de\/wp-content\/uploads\/ausr\u00fcstung\/pressluftatmer3-2048x1536.jpg 2048w\" sizes=\"auto, (max-width: 1024px) 100vw, 1024px\" \/><figcaption class=\"wp-element-caption\">Atemschutzger\u00e4t der Firma MSA mit \u00dcberdrucklungenautomat<\/figcaption><\/figure>\n\n\n\n<p>F\u00fcr die Brandeins\u00e4tze stehen uns hierzu verschiedene Hilfsmittel zur Verf\u00fcgung. Das sind neben dem Atemschutzger\u00e4t und der Maske insbesondere die Hilfsmittel in der folgenden Bildergalerie.<\/p>\n\n\n\nngg_shortcode_0_placeholder\n\n\n\n<p><\/p>\n\n\n\n<h2 class=\"wp-block-heading\">Ausbildung<\/h2>\n\n\n\n<p>Sobald nicht ausgeschlossen werden kann, dass Feuerwehrangeh\u00f6rige durch Sauerstoffmangel oder durch einatemen gesundheitssch\u00e4digender Stoffe (Atemgifte) gef\u00e4hrdet werden k\u00f6nnen, m\u00fcssen zur m\u00f6glichen Gef\u00e4hrdung passende Atemschutzger\u00e4te getragen werden.<\/p>\n\n\n\n<p>Kenntnisse \u00fcber die Schutzwirkung der Ger\u00e4te, Aus- und Fortbildung der Atemschutzger\u00e4tetr\u00e4ger sowie die Ger\u00e4tepr\u00fcfung sind Voraussetzung f\u00fcr den Einsatz von Atemschutzger\u00e4ten.<\/p>\n\n\n\n<figure class=\"wp-block-image size-large caption-align-left\"><img decoding=\"async\" src=\"https:\/\/feuerwehrwoerth.de\/wp-content\/uploads\/2021\/05\/20200930_190108-1024x768.jpg\" alt=\"\"\/><figcaption class=\"wp-element-caption\">\u00dcbung mit Atemschutzger\u00e4ten<\/figcaption><\/figure>\n\n\n\n<h3 class=\"wp-block-heading\" id=\"anforderungen-an-atemschutzgeratetrager\">Anforderungen an Atemschutzger\u00e4tetr\u00e4ger<\/h3>\n\n\n\n<ul id=\"block-be28a169-35e0-4c3a-bf88-df97162aa38e\" class=\"wp-block-list\">\n<li>Mindestens 18 Jahre alt.<\/li>\n\n\n\n<li>Erfolgreiche Ausbildung zum Truppmann.<\/li>\n\n\n\n<li>Erfolgreiche Ausbildung zum Sprechfunker.<\/li>\n\n\n\n<li>Erfolgreiche Ausbildung zum Atemschutzger\u00e4tetr\u00e4ger (Lehrgang: ca. 25 Stunden).<\/li>\n\n\n\n<li>K\u00f6rperliche Eignung. Diese wird nach den berufsgenossenschaftlichen Grunds\u00e4tzen f\u00fcr arbeitsmedizinische Vorsorgeuntersuchungen, Atemschutztauglichkeit nach Grundsatz \u201eAtemschutzger\u00e4te\u201c G 26.3 festgestellt.<\/li>\n\n\n\n<li>Regelm\u00e4\u00dfige Teilnahme an Wiederholungs\u00fcbungen (J\u00e4hrlich mindestens ein Einsatz oder eine \u00dcbung unter Einsatzbedingungen, sowie die Belastungs\u00fcbung auf einer Atemschutzstrecke.)<\/li>\n\n\n\n<li>Zum Zeitpunkt des Einsatzes gesund sein und sich einsatzf\u00e4hig f\u00fchlen.<\/li>\n\n\n\n<li>Einsatzkr\u00e4fte mit Bart oder Kotletten im Bereich der Dichtung von Atemschutzmasken sind f\u00fcr das Tragen von Atemschutzger\u00e4ten ungeeignet.<\/li>\n\n\n\n<li>Ebenso ungeeignet f\u00fcr das Tragen von Atemschutzger\u00e4ten sind Einsatzkr\u00e4fte bei denen aufgrund von Kopfform, tiefen Narben oder K\u00f6rperschmuck (Ohrringe, Piercings, etc.) kein ausreichender Maskendichtsitz erreicht werden kann.<\/li>\n<\/ul>\n\n\n\n<figure class=\"wp-block-image size-large caption-align-left\"><img decoding=\"async\" src=\"https:\/\/feuerwehrwoerth.de\/wp-content\/uploads\/Symbolbilder\/Maske-Filter-1024x768.jpg\" alt=\"\"\/><figcaption class=\"wp-element-caption\">Atemschutzmaske mit aufgeschraubtem Kombinationsfilter &#8222;ABEK2 Hg&#8220;<\/figcaption><\/figure>\n\n\n\n<h3 class=\"wp-block-heading\" id=\"lernziele-des-lehrgangs-atemschutzgeratetrager\"><strong>Lernziele<\/strong> des Lehrgangs &#8222;Atemschutzger\u00e4tetr\u00e4ger&#8220;<\/h3>\n\n\n\n<p>Ziel der Ausbildung ist es, dass sich die Einsatzkr\u00e4fte an die mit dem Tragen von&nbsp;Atemschutzger\u00e4ten verbundenen erschwerten Einsatzbedingungen gew\u00f6hnen, sich gem\u00e4\u00df der Einsatzgrunds\u00e4tze richtig verhalten und die Ger\u00e4te fehlerfrei handhaben k\u00f6nnen. (\u00a7 16 Abs. 1 der FwVO \u201eAusbildung f\u00fcr Sonderfunktionen\u201c) Dazu geh\u00f6ren unter anderem:<\/p>\n\n\n\n<ul class=\"wp-block-list\">\n<li>T\u00e4tigkeiten mit Pressluftatmern und Filterger\u00e4ten im Atemschutzeinsatz auf der Grundlage der FwDV 7 auszu\u00fcben.<\/li>\n\n\n\n<li>Erbringen einer Belastungsleistung von 80 kJ mit 1600l Atemluftvorrat.\n<ul class=\"wp-block-list\">\n<li><em><span style=\"text-decoration: underline;\"><span class=\"ek-underline\" style=\"text-decoration: underline;\">Zur Veranschaulichung &#8211; 80kJ bedeutet:<\/span><\/span><\/em><br>Man ben\u00f6tigt 1J um 100g auf eine H\u00f6he von 1m zu bringen. Geht man bei einem Atemschutzger\u00e4tetr\u00e4ger von einem Gesamtgewicht von 100kg aus (75kg Feuerwehrmann und 25kg Ausr\u00fcstung), dann m\u00fcsste man dieses Gewicht in ca. 25 Minuten auf 80m H\u00f6he bringen.<\/li>\n<\/ul>\n<\/li>\n\n\n\n<li>Ma\u00dfnahmen im Atemschutznotfall.<\/li>\n\n\n\n<li>\u00dcbermitteln von Nachrichten im Funkverkehr unter Atemschutz.<\/li>\n<\/ul>\n\n\n\n<h3 class=\"wp-block-heading\" id=\"untersuchung-nach-g-26\">Untersuchung nach G 26<\/h3>\n\n\n\n<p>Die k\u00f6rperliche Eignung von Atemschutzger\u00e4tetr\u00e4gern wird durch eine arbeitsmedizinische Vorsorgeuntersuchung nach dem berufsgenossenschaftlichen Grundsatz &#8222;G 26 Atemschutzger\u00e4te&#8220; festgestellt (Feuerwehrdienstvorschrift 7 &#8222;Atemschutz&#8220;). Diese muss von einem Arzt mit der Gebietsbezeichnung &#8222;Arbeitsmedizin&#8220; oder mit der Zusatzbezeichnung &#8222;Betriebsmedizin&#8220; durchgef\u00fchrt werden.<\/p>\n\n\n\n<h4 class=\"wp-block-heading\" id=\"abstufungen\">Abstufungen<\/h4>\n\n\n\n<p>Die Vorsorgeuntersuchung gibt es in drei Abstufungen, wobei die Feuerwehr W\u00f6rth nur G 26.3 taugliche Ger\u00e4tetr\u00e4ger stellt. Diese Unterscheiden sich wie folgt:<\/p>\n\n\n\n<ul class=\"wp-block-list\">\n<li>G 26.1 Tragen von Staubmasken mit der Filterklasse FFP 1 und FFP 2 mit Gewicht &lt;3 kg und Atemwiderstand &lt;5 mbar.<\/li>\n\n\n\n<li>G 26.2 Tragen von Filterger\u00e4ten mit Ger\u00e4tegewicht &lt;5 kg und Atemwiderstand &gt;5 mbar.<\/li>\n\n\n\n<li>G 26.3 Tragen von umluftunabh\u00e4ngigen Atemschutzger\u00e4ten mit Ger\u00e4tegewicht &gt;5 kg und Atemwiderstand &lt;6 mbar.<\/li>\n<\/ul>\n\n\n\n<h4 class=\"wp-block-heading\" id=\"erneute-untersuchung\">Erneute Untersuchung<\/h4>\n\n\n\n<p>G 26 Taugliche Kameraden m\u00fcssen je nach Alter alle 1 oder 3 Jahre erneut zur G 26 Untersuchung.<\/p>\n\n\n\n<ul class=\"wp-block-list\">\n<li>Bei Ger\u00e4tetr\u00e4gern bis 50 Jahre vor Ablauf von 36 Monaten.<\/li>\n\n\n\n<li>Bei Ger\u00e4tetr\u00e4gern \u00fcber 50 Jahre vor Ablauf von 12 Monaten.<\/li>\n<\/ul>\n\n\n\n<h4 class=\"wp-block-heading\" id=\"untersuchungsinhalte\">Untersuchungsinhalte<\/h4>\n\n\n\n<p>Die Untersuchung umfasst folgende Punkte. F\u00fcr die Tauglichkeit nach G 26.3 m\u00fcssen alle Untersuchungen der Liste erfolgen, f\u00fcr G 26.1 und G26.2 entfallen einige Untersuchungen.<\/p>\n\n\n\n<ul class=\"wp-block-list\">\n<li>Anamnese<\/li>\n\n\n\n<li>Gesundheitsuntersuchung, Beratung im Hinblick auf die T\u00e4tigkeit<\/li>\n\n\n\n<li>H\u00f6rtest<\/li>\n\n\n\n<li>Lungenfunktionstest<\/li>\n\n\n\n<li>Sehtest<\/li>\n\n\n\n<li>Urin-Mehrfachstreifen-Test<\/li>\n\n\n\n<li>Blutbild (Insbesondere Leberwerte und Blutzucker)<\/li>\n\n\n\n<li>Belastungs EKG (inkl. EKG in Ruhe)<\/li>\n\n\n\n<li>R\u00f6ntgen-Thorax-Aufnahme (nur nach \u00e4rztlicher Indikation)<\/li>\n<\/ul>\n\n\n\n<h3 class=\"wp-block-heading\" id=\"jahrliche-belastungsubung\">J\u00e4hrliche Belastungs\u00fcbung<\/h3>\n\n\n\n<p>Jeder Atemschutzger\u00e4tetr\u00e4ger muss mindestens einmal J\u00e4hrlich einen Einsatz oder eine \u00dcbung unter Einsatzbedingungen, sowie die Belastungs\u00fcbung auf einer Atemschutzstrecke absolvieren. Bei der Belastungs\u00fcbung auf der Atemschutzstrecke  muss wie oben erw\u00e4hnt eine Basisleistung von 80 kJ mit 1600 L Atemluft absolviert werden:<\/p>\n\n\n\n<ul class=\"wp-block-list\">\n<li>Vorbereitung (Anlegen der Schutzbekleidung und Atemschutzger\u00e4te) und anschlie\u00dfende Sicht- und Einsatzkurzpr\u00fcfung.<\/li>\n\n\n\n<li>Endlosleiter steigen<\/li>\n\n\n\n<li>Fahrrad Fahren<\/li>\n\n\n\n<li>Handrad bedienen<\/li>\n\n\n\n<li>Absolvieren der Orientierungsstrecke<\/li>\n<\/ul>\n\n\n\n<h4 class=\"wp-block-heading\" id=\"orientierungsstrecke\">Orientierungsstrecke<\/h4>\n\n\n\n<figure class=\"wp-block-embed is-type-video is-provider-youtube wp-block-embed-youtube wp-embed-aspect-16-9 wp-has-aspect-ratio\"><div class=\"wp-block-embed__wrapper\">\n<iframe loading=\"lazy\" hcb-fetch-image-from=\"https:\/\/www.youtube.com\/watch?v=PTao37EaGQw\" title=\"Feuerwehr: Dienst nach Vorschrift - zu Besuch in einer Atemschutz\u00fcbungsstrecke\" width=\"648\" height=\"365\" src=\"https:\/\/www.youtube.com\/embed\/PTao37EaGQw?feature=oembed\" frameborder=\"0\" allow=\"accelerometer; autoplay; clipboard-write; encrypted-media; gyroscope; picture-in-picture; web-share\" referrerpolicy=\"strict-origin-when-cross-origin\" allowfullscreen><\/iframe>\n<\/div><figcaption class=\"wp-element-caption\">Beispiel einer Atemschutz Belastungs\u00fcbung<\/figcaption><\/figure>\n","protected":false},"excerpt":{"rendered":"<p>Organisatorisches Der Facheinheit Atemschutz geh\u00f6ren alle Atemschutzger\u00e4tetr\u00e4ger der Stadt W\u00f6rth an. Diese f\u00fchren pro Jahr mindestens zwei einsatznahe \u00dcbungen durch und besuchen j\u00e4hrlich die Atemschutzstrecke der Feuerwehr R\u00fclzheim zum Belastungstest. Aufgaben Die Atemschutzger\u00e4tetr\u00e4ger \u00fcbernehmen bei einem Brandeinsatz die Funktionen des Angriffs- und Sicherheitstrupps unter schweren Atemschutz. Sobald nicht ausgeschlossen werden kann, dass Kameraden durch Sauerstoffmangel [&hellip;]<\/p>\n","protected":false},"author":1,"featured_media":2659,"parent":2567,"menu_order":0,"comment_status":"closed","ping_status":"closed","template":"","meta":{"advgb_blocks_editor_width":"","advgb_blocks_columns_visual_guide":"","ngg_post_thumbnail":0,"footnotes":""},"class_list":["post-2613","page","type-page","status-publish","has-post-thumbnail","hentry"],"coauthors":[],"author_meta":{"author_link":"https:\/\/dev.feuerwehrwoerth.de\/index.php\/author\/chris\/","display_name":"Christian"},"relative_dates":{"created":"Posted 4\u00a0Jahren ago","modified":"Updated 9\u00a0Monaten ago"},"absolute_dates":{"created":"Posted on 16. Dezember 2021","modified":"Updated on 24. August 2025"},"absolute_dates_time":{"created":"Posted on 16. Dezember 2021 22:41","modified":"Updated on 24. August 2025 15:17"},"featured_img_caption":"","featured_img":"https:\/\/dev.feuerwehrwoerth.de\/wp-content\/uploads\/2021\/12\/facheinheit-atemschutz-artikelbild-e1681295506351.jpg","series_order":"","_links":{"self":[{"href":"https:\/\/dev.feuerwehrwoerth.de\/index.php\/wp-json\/wp\/v2\/pages\/2613","targetHints":{"allow":["GET"]}}],"collection":[{"href":"https:\/\/dev.feuerwehrwoerth.de\/index.php\/wp-json\/wp\/v2\/pages"}],"about":[{"href":"https:\/\/dev.feuerwehrwoerth.de\/index.php\/wp-json\/wp\/v2\/types\/page"}],"author":[{"embeddable":true,"href":"https:\/\/dev.feuerwehrwoerth.de\/index.php\/wp-json\/wp\/v2\/users\/1"}],"replies":[{"embeddable":true,"href":"https:\/\/dev.feuerwehrwoerth.de\/index.php\/wp-json\/wp\/v2\/comments?post=2613"}],"version-history":[{"count":8,"href":"https:\/\/dev.feuerwehrwoerth.de\/index.php\/wp-json\/wp\/v2\/pages\/2613\/revisions"}],"predecessor-version":[{"id":7526,"href":"https:\/\/dev.feuerwehrwoerth.de\/index.php\/wp-json\/wp\/v2\/pages\/2613\/revisions\/7526"}],"up":[{"embeddable":true,"href":"https:\/\/dev.feuerwehrwoerth.de\/index.php\/wp-json\/wp\/v2\/pages\/2567"}],"wp:featuredmedia":[{"embeddable":true,"href":"https:\/\/dev.feuerwehrwoerth.de\/index.php\/wp-json\/wp\/v2\/media\/2659"}],"wp:attachment":[{"href":"https:\/\/dev.feuerwehrwoerth.de\/index.php\/wp-json\/wp\/v2\/media?parent=2613"}],"curies":[{"name":"wp","href":"https:\/\/api.w.org\/{rel}","templated":true}]}}