{"id":7584,"date":"2025-08-31T22:16:21","date_gmt":"2025-08-31T20:16:21","guid":{"rendered":"https:\/\/dev.feuerwehrwoerth.de\/?page_id=7584"},"modified":"2026-03-26T18:34:38","modified_gmt":"2026-03-26T17:34:38","slug":"maximiliansau","status":"publish","type":"page","link":"https:\/\/dev.feuerwehrwoerth.de\/index.php\/ueber-uns\/maximiliansau\/","title":{"rendered":"Maximiliansau"},"content":{"rendered":"\n<figure class=\"wp-block-image size-large\"><img loading=\"lazy\" decoding=\"async\" width=\"1024\" height=\"420\" src=\"https:\/\/dev.feuerwehrwoerth.de\/wp-content\/uploads\/2026\/02\/Bild_2026-02-22_175753563-1024x420.png\" alt=\"\" class=\"wp-image-7978\" srcset=\"https:\/\/dev.feuerwehrwoerth.de\/wp-content\/uploads\/2026\/02\/Bild_2026-02-22_175753563-1024x420.png 1024w, https:\/\/dev.feuerwehrwoerth.de\/wp-content\/uploads\/2026\/02\/Bild_2026-02-22_175753563-300x123.png 300w, https:\/\/dev.feuerwehrwoerth.de\/wp-content\/uploads\/2026\/02\/Bild_2026-02-22_175753563-768x315.png 768w, https:\/\/dev.feuerwehrwoerth.de\/wp-content\/uploads\/2026\/02\/Bild_2026-02-22_175753563-500x205.png 500w, https:\/\/dev.feuerwehrwoerth.de\/wp-content\/uploads\/2026\/02\/Bild_2026-02-22_175753563-800x328.png 800w, https:\/\/dev.feuerwehrwoerth.de\/wp-content\/uploads\/2026\/02\/Bild_2026-02-22_175753563.png 1280w\" sizes=\"auto, (max-width: 1024px) 100vw, 1024px\" \/><\/figure>\n\n\n\n<div style=\"height:41px\" aria-hidden=\"true\" class=\"wp-block-spacer\"><\/div>\n\n\n\n<p>Die Einheit <strong>Maximiliansau<\/strong> der Freiwilligen Feuerwehr W\u00f6rth am Rhein wurde am <strong>6. September 1952<\/strong> gegr\u00fcndet und blickt damit auf \u00fcber sieben Jahrzehnte ehrenamtlichen Dienst am N\u00e4chsten zur\u00fcck. Seitdem engagieren sich die Kameradinnen und Kameraden unerm\u00fcdlich f\u00fcr die Sicherheit der B\u00fcrgerinnen und B\u00fcrger in Maximiliansau und der gesamten Stadt W\u00f6rth am Rhein.<\/p>\n\n\n\n<p>Ein besonderes Augenmerk liegt auf der Nachwuchsarbeit: Bereits am <strong>16. Juni 1973<\/strong> wurde die <strong><a href=\"https:\/\/dev.feuerwehrwoerth.de\/index.php\/mitmachen\/unter-16-jahren\/\" data-type=\"page\" data-id=\"111\">Jugendfeuerwehr Maximiliansau<\/a><\/strong> ins Leben gerufen. Sie bietet Jugendlichen die M\u00f6glichkeit, fr\u00fchzeitig Verantwortung zu \u00fcbernehmen und sich auf den aktiven Feuerwehrdienst vorzubereiten. Viele der heutigen Einsatzkr\u00e4fte stammen aus den Reihen der Jugendfeuerwehr.<\/p>\n\n\n\n<p>Aktuell z\u00e4hlt die Einheit <strong>47 aktive Kameradinnen und Kameraden<\/strong>. Im Durchschnitt r\u00fccken sie zu rund<strong> 105 Eins\u00e4tzen pro Jahr<\/strong> aus \u2013 von Brandeins\u00e4tzen \u00fcber technische Hilfeleistungen bis hin zu Gefahrstoff- oder Unwettereins\u00e4tzen.<\/p>\n\n\n\n<p>Im <strong>Jahr 202<\/strong>5 wurden insgesamt <strong>115 Eins\u00e4tze<\/strong> abgearbeitet. Diese gliederten sich wie folgt:<\/p>\n\n\n\n<ul class=\"wp-block-list\">\n<li><strong>40 Technische Hilfeleistungen<\/strong><\/li>\n\n\n\n<li><strong>6 Gefahrstoffeins\u00e4tze<\/strong><\/li>\n\n\n\n<li><strong>42 Brandeins\u00e4tze<\/strong><\/li>\n\n\n\n<li><strong>5 Brandsicherheitswachen<\/strong><\/li>\n\n\n\n<li><strong>22 Fehlalarme<\/strong><\/li>\n<\/ul>\n\n\n\n<p>Die Einsatzvielfalt spiegelt sich auch in der breiten fachlichen Aufstellung der Einheit wider. Die Kameradinnen und Kameraden sind in allen <strong>Facheinheiten<\/strong> der Feuerwehr W\u00f6rth am Rhein vertreten, darunter <strong>Atemschutz, Gefahrgut, Drohne, Absturzsicherung, Drehleiter, Technische Hilfe, Waldbrand, Wasser, \u00d6ffentlichkeitsarbeit<\/strong> sowie selbstverst\u00e4ndlich die <strong>Jugendfeuerwehr<\/strong>.<\/p>\n\n\n\n<p>Durch regelm\u00e4\u00dfige \u00dcbungen und gemeinsame Aktivit\u00e4ten pflegt die Einheit Maximiliansau nicht nur ihre Einsatzbereitschaft, sondern auch den kameradschaftlichen Zusammenhalt \u2013 ein zentraler Bestandteil des Feuerwehrwesens.<\/p>\n\n\n\n<p>Weitere Informationen zur Geschichte und Entwicklung der Einheit finden sich auf der <strong><a href=\"https:\/\/dev.feuerwehrwoerth.de\/index.php\/ueber-uns\/maximiliansau\/chronik-maximiliansau\/\" data-type=\"page\" data-id=\"7772\">Chronik-Seite<\/a><\/strong>.<\/p>\n","protected":false},"excerpt":{"rendered":"<p>Die Einheit Maximiliansau der Freiwilligen Feuerwehr W\u00f6rth am Rhein wurde am 6. September 1952 gegr\u00fcndet und blickt damit auf \u00fcber sieben Jahrzehnte ehrenamtlichen Dienst am N\u00e4chsten zur\u00fcck. Seitdem engagieren sich die Kameradinnen und Kameraden unerm\u00fcdlich f\u00fcr die Sicherheit der B\u00fcrgerinnen und B\u00fcrger in Maximiliansau und der gesamten Stadt W\u00f6rth am Rhein. Ein besonderes Augenmerk liegt [&hellip;]<\/p>\n","protected":false},"author":6,"featured_media":0,"parent":34,"menu_order":0,"comment_status":"closed","ping_status":"closed","template":"","meta":{"advgb_blocks_editor_width":"","advgb_blocks_columns_visual_guide":"","ngg_post_thumbnail":0,"footnotes":""},"class_list":["post-7584","page","type-page","status-publish","hentry"],"coauthors":[],"author_meta":{"author_link":"https:\/\/dev.feuerwehrwoerth.de\/index.php\/author\/woerth200\/","display_name":"Einheit Maximiliansau"},"relative_dates":{"created":"Posted 9\u00a0Monaten ago","modified":"Updated 2\u00a0Monaten ago"},"absolute_dates":{"created":"Posted on 31. August 2025","modified":"Updated on 26. M\u00e4rz 2026"},"absolute_dates_time":{"created":"Posted on 31. August 2025 22:16","modified":"Updated on 26. M\u00e4rz 2026 18:34"},"featured_img_caption":"","featured_img":false,"series_order":"","_links":{"self":[{"href":"https:\/\/dev.feuerwehrwoerth.de\/index.php\/wp-json\/wp\/v2\/pages\/7584","targetHints":{"allow":["GET"]}}],"collection":[{"href":"https:\/\/dev.feuerwehrwoerth.de\/index.php\/wp-json\/wp\/v2\/pages"}],"about":[{"href":"https:\/\/dev.feuerwehrwoerth.de\/index.php\/wp-json\/wp\/v2\/types\/page"}],"author":[{"embeddable":true,"href":"https:\/\/dev.feuerwehrwoerth.de\/index.php\/wp-json\/wp\/v2\/users\/6"}],"replies":[{"embeddable":true,"href":"https:\/\/dev.feuerwehrwoerth.de\/index.php\/wp-json\/wp\/v2\/comments?post=7584"}],"version-history":[{"count":8,"href":"https:\/\/dev.feuerwehrwoerth.de\/index.php\/wp-json\/wp\/v2\/pages\/7584\/revisions"}],"predecessor-version":[{"id":7979,"href":"https:\/\/dev.feuerwehrwoerth.de\/index.php\/wp-json\/wp\/v2\/pages\/7584\/revisions\/7979"}],"up":[{"embeddable":true,"href":"https:\/\/dev.feuerwehrwoerth.de\/index.php\/wp-json\/wp\/v2\/pages\/34"}],"wp:attachment":[{"href":"https:\/\/dev.feuerwehrwoerth.de\/index.php\/wp-json\/wp\/v2\/media?parent=7584"}],"curies":[{"name":"wp","href":"https:\/\/api.w.org\/{rel}","templated":true}]}}