{"id":7688,"date":"2025-09-15T22:34:52","date_gmt":"2025-09-15T20:34:52","guid":{"rendered":"https:\/\/dev.feuerwehrwoerth.de\/?page_id=7688"},"modified":"2025-09-15T23:54:21","modified_gmt":"2025-09-15T21:54:21","slug":"neuigkeiten-aus-woerth","status":"publish","type":"page","link":"https:\/\/dev.feuerwehrwoerth.de\/index.php\/ueber-uns\/woerth\/neuigkeiten-aus-woerth\/","title":{"rendered":"Neuigkeiten aus W\u00f6rth"},"content":{"rendered":"\n<div class=\"wp-block-query is-layout-flow wp-block-query-is-layout-flow advgb-dyn-e7df619d\"><ul class=\"wp-block-post-template is-layout-flow wp-block-post-template-is-layout-flow\"><li class=\"wp-block-post post-7408 post type-post status-publish format-standard has-post-thumbnail hentry category-allgemein category-woerth\">\n<figure class=\"alignwide wp-block-post-featured-image\"><a href=\"https:\/\/dev.feuerwehrwoerth.de\/index.php\/2025\/06\/14\/besuch-der-berufsmesse\/\" target=\"_self\"  ><img loading=\"lazy\" decoding=\"async\" width=\"750\" height=\"410\" src=\"https:\/\/dev.feuerwehrwoerth.de\/wp-content\/uploads\/2025\/06\/titelbild_WhatsApp-Image-2025-06-14-at-16.18.51-copy.jpeg\" class=\"attachment-post-thumbnail size-post-thumbnail wp-post-image\" alt=\"Besuch der Berufsmesse\" style=\"object-fit:cover;\" srcset=\"https:\/\/dev.feuerwehrwoerth.de\/wp-content\/uploads\/2025\/06\/titelbild_WhatsApp-Image-2025-06-14-at-16.18.51-copy.jpeg 750w, https:\/\/dev.feuerwehrwoerth.de\/wp-content\/uploads\/2025\/06\/titelbild_WhatsApp-Image-2025-06-14-at-16.18.51-copy-300x164.jpeg 300w, https:\/\/dev.feuerwehrwoerth.de\/wp-content\/uploads\/2025\/06\/titelbild_WhatsApp-Image-2025-06-14-at-16.18.51-copy-500x273.jpeg 500w\" sizes=\"auto, (max-width: 750px) 100vw, 750px\" \/><\/a><\/figure>\n\n<h2 class=\"wp-block-post-title\"><a href=\"https:\/\/dev.feuerwehrwoerth.de\/index.php\/2025\/06\/14\/besuch-der-berufsmesse\/\" target=\"_self\" >Besuch der Berufsmesse<\/a><\/h2>\n\n<div class=\"wp-block-post-date\"><time datetime=\"2025-06-14T20:31:01+02:00\"><a href=\"https:\/\/dev.feuerwehrwoerth.de\/index.php\/2025\/06\/14\/besuch-der-berufsmesse\/\">14. Juni 2025<\/a><\/time><\/div>\n\n<div class=\"wp-block-post-excerpt\"><p class=\"wp-block-post-excerpt__excerpt\">Am 14. Juni waren wir auf der Berufsmesse \u201eCheck the Future\u201c der Carl-Benz-Gesamtschule vertreten. Trotz hei\u00dfem Wetter nutzten wir die Gelegenheit, um unsere Arbeit mit dem HLF20 und dem neuen ELW des Landkreises vorzustellen. Besonders spannend f\u00fcr die Sch\u00fclerinnen und Sch\u00fcler der Gesamtschulen aus W\u00f6rth, Kandel und Rheinzabern: Sie konnten nicht nur Fragen zu unserer&hellip; <\/p><\/div>\n\n\n<hr class=\"wp-block-separator has-css-opacity\"\/>\n\n<\/li><li class=\"wp-block-post post-7379 post type-post status-publish format-standard has-post-thumbnail hentry category-woerth category-allgemein category-ausbildung tag-abstusi tag-erht tag-ausbildung\">\n<figure class=\"alignwide wp-block-post-featured-image\"><a href=\"https:\/\/dev.feuerwehrwoerth.de\/index.php\/2025\/06\/05\/pressemitteilung-lehrgang-einfache-rettung-aus-hoehen-und-tiefen-staerkt-die-zusammenarbeit-der-feuerwehren-aus-vg-hagenbach-und-stadt-woerth-am-rhein\/\" target=\"_self\"  ><img loading=\"lazy\" decoding=\"async\" width=\"750\" height=\"434\" src=\"https:\/\/dev.feuerwehrwoerth.de\/wp-content\/uploads\/2025\/06\/titelbild_WhatsApp-Image-2025-06-01-at-19.57.01.jpeg\" class=\"attachment-post-thumbnail size-post-thumbnail wp-post-image\" alt=\"Pressemitteilung: Lehrgang \u201cEinfache Rettung aus H\u00f6hen und Tiefen\u201d st\u00e4rkt die Zusammenarbeit der Feuerwehren aus VG Hagenbach und Stadt W\u00f6rth am Rhein\" style=\"object-fit:cover;\" srcset=\"https:\/\/dev.feuerwehrwoerth.de\/wp-content\/uploads\/2025\/06\/titelbild_WhatsApp-Image-2025-06-01-at-19.57.01.jpeg 750w, https:\/\/dev.feuerwehrwoerth.de\/wp-content\/uploads\/2025\/06\/titelbild_WhatsApp-Image-2025-06-01-at-19.57.01-300x174.jpeg 300w, https:\/\/dev.feuerwehrwoerth.de\/wp-content\/uploads\/2025\/06\/titelbild_WhatsApp-Image-2025-06-01-at-19.57.01-500x289.jpeg 500w\" sizes=\"auto, (max-width: 750px) 100vw, 750px\" \/><\/a><\/figure>\n\n<h2 class=\"wp-block-post-title\"><a href=\"https:\/\/dev.feuerwehrwoerth.de\/index.php\/2025\/06\/05\/pressemitteilung-lehrgang-einfache-rettung-aus-hoehen-und-tiefen-staerkt-die-zusammenarbeit-der-feuerwehren-aus-vg-hagenbach-und-stadt-woerth-am-rhein\/\" target=\"_self\" >Pressemitteilung: Lehrgang \u201cEinfache Rettung aus H\u00f6hen und Tiefen\u201d st\u00e4rkt die Zusammenarbeit der Feuerwehren aus VG Hagenbach und Stadt W\u00f6rth am Rhein<\/a><\/h2>\n\n<div class=\"wp-block-post-date\"><time datetime=\"2025-06-05T14:20:35+02:00\"><a href=\"https:\/\/dev.feuerwehrwoerth.de\/index.php\/2025\/06\/05\/pressemitteilung-lehrgang-einfache-rettung-aus-hoehen-und-tiefen-staerkt-die-zusammenarbeit-der-feuerwehren-aus-vg-hagenbach-und-stadt-woerth-am-rhein\/\">5. Juni 2025<\/a><\/time><\/div>\n\n<div class=\"wp-block-post-excerpt\"><p class=\"wp-block-post-excerpt__excerpt\">Feuerwehren sind l\u00e4ngst nicht mehr ausschlie\u00dflich mit der Bek\u00e4mpfung von Br\u00e4nden besch\u00e4ftigt. Seit Jahrzehnten gewinnt die technische Hilfeleistung zur Rettung von Menschen und Tieren zunehmend an Bedeutung. Wenn dabei absturzgef\u00e4hrdete Bereiche betreten werden m\u00fcssen, kommt sehr schnell eine seilunterst\u00fctzte Rettung ins Spiel. Die Einsatzm\u00f6glichkeiten hierf\u00fcr haben sich in den vergangenen Jahren stetig weiterentwickelt. Zus\u00e4tzlich zu&hellip; <\/p><\/div>\n\n\n<hr class=\"wp-block-separator has-css-opacity\"\/>\n\n<\/li><li class=\"wp-block-post post-7263 post type-post status-publish format-standard has-post-thumbnail hentry category-allgemein category-woerth tag-feuerwehrfest tag-1-mai\">\n<figure class=\"alignwide wp-block-post-featured-image\"><a href=\"https:\/\/dev.feuerwehrwoerth.de\/index.php\/2025\/05\/04\/bericht-feuerwehrfest-in-zwei-akten-tanz-tradition-und-ein-kleiner-einsatz\/\" target=\"_self\"  ><img loading=\"lazy\" decoding=\"async\" width=\"750\" height=\"410\" src=\"https:\/\/dev.feuerwehrwoerth.de\/wp-content\/uploads\/2025\/05\/titelWhatsApp-Image-2025-05-04-at-10.34.32.jpeg\" class=\"attachment-post-thumbnail size-post-thumbnail wp-post-image\" alt=\"Bericht: Feuerwehrfest in zwei Akten \u2013 Tanz, Tradition und ein kleiner Einsatz\" style=\"object-fit:cover;\" srcset=\"https:\/\/dev.feuerwehrwoerth.de\/wp-content\/uploads\/2025\/05\/titelWhatsApp-Image-2025-05-04-at-10.34.32.jpeg 750w, https:\/\/dev.feuerwehrwoerth.de\/wp-content\/uploads\/2025\/05\/titelWhatsApp-Image-2025-05-04-at-10.34.32-300x164.jpeg 300w, https:\/\/dev.feuerwehrwoerth.de\/wp-content\/uploads\/2025\/05\/titelWhatsApp-Image-2025-05-04-at-10.34.32-500x273.jpeg 500w\" sizes=\"auto, (max-width: 750px) 100vw, 750px\" \/><\/a><\/figure>\n\n<h2 class=\"wp-block-post-title\"><a href=\"https:\/\/dev.feuerwehrwoerth.de\/index.php\/2025\/05\/04\/bericht-feuerwehrfest-in-zwei-akten-tanz-tradition-und-ein-kleiner-einsatz\/\" target=\"_self\" >Bericht: Feuerwehrfest in zwei Akten \u2013 Tanz, Tradition und ein kleiner Einsatz<\/a><\/h2>\n\n<div class=\"wp-block-post-date\"><time datetime=\"2025-05-04T21:34:12+02:00\"><a href=\"https:\/\/dev.feuerwehrwoerth.de\/index.php\/2025\/05\/04\/bericht-feuerwehrfest-in-zwei-akten-tanz-tradition-und-ein-kleiner-einsatz\/\">4. Mai 2025<\/a><\/time><\/div>\n\n<div class=\"wp-block-post-excerpt\"><p class=\"wp-block-post-excerpt__excerpt\">Mit einer gelungenen Kombination aus Party und Tradition fand unser diesj\u00e4hriges Feuerwehrfest wieder an zwei aufeinanderfolgenden Tagen statt \u2013 und stie\u00df wie gewohnt auf gro\u00dfe Resonanz. Los ging es mit dem \u201eTanz in den Mai\u201c am 30. April. Zahlreiche G\u00e4ste feierten bei toller Musik, bester Stimmung und k\u00fchlen Getr\u00e4nken bis sp\u00e4t in die Nacht. Die&hellip; <\/p><\/div>\n\n\n<hr class=\"wp-block-separator has-css-opacity\"\/>\n\n<\/li><li class=\"wp-block-post post-7249 post type-post status-publish format-standard has-post-thumbnail hentry category-woerth category-allgemein tag-feuerwehrfest tag-1-mai\">\n<figure class=\"alignwide wp-block-post-featured-image\"><a href=\"https:\/\/dev.feuerwehrwoerth.de\/index.php\/2025\/04\/26\/tanz-in-den-mai-traditionelles-feuerwehrfest\/\" target=\"_self\"  ><img loading=\"lazy\" decoding=\"async\" width=\"1680\" height=\"576\" src=\"https:\/\/dev.feuerwehrwoerth.de\/wp-content\/uploads\/2025\/04\/titelbild_2025-05-01.jpg\" class=\"attachment-post-thumbnail size-post-thumbnail wp-post-image\" alt=\"Einladung: Tanz in den Mai &amp; traditionelles Feuerwehrfest\" style=\"object-fit:cover;\" srcset=\"https:\/\/dev.feuerwehrwoerth.de\/wp-content\/uploads\/2025\/04\/titelbild_2025-05-01.jpg 1680w, https:\/\/dev.feuerwehrwoerth.de\/wp-content\/uploads\/2025\/04\/titelbild_2025-05-01-300x103.jpg 300w, https:\/\/dev.feuerwehrwoerth.de\/wp-content\/uploads\/2025\/04\/titelbild_2025-05-01-1024x351.jpg 1024w, https:\/\/dev.feuerwehrwoerth.de\/wp-content\/uploads\/2025\/04\/titelbild_2025-05-01-768x263.jpg 768w, https:\/\/dev.feuerwehrwoerth.de\/wp-content\/uploads\/2025\/04\/titelbild_2025-05-01-1536x527.jpg 1536w, https:\/\/dev.feuerwehrwoerth.de\/wp-content\/uploads\/2025\/04\/titelbild_2025-05-01-500x171.jpg 500w, https:\/\/dev.feuerwehrwoerth.de\/wp-content\/uploads\/2025\/04\/titelbild_2025-05-01-800x274.jpg 800w, https:\/\/dev.feuerwehrwoerth.de\/wp-content\/uploads\/2025\/04\/titelbild_2025-05-01-1280x439.jpg 1280w\" sizes=\"auto, (max-width: 1680px) 100vw, 1680px\" \/><\/a><\/figure>\n\n<h2 class=\"wp-block-post-title\"><a href=\"https:\/\/dev.feuerwehrwoerth.de\/index.php\/2025\/04\/26\/tanz-in-den-mai-traditionelles-feuerwehrfest\/\" target=\"_self\" >Einladung: Tanz in den Mai &amp; traditionelles Feuerwehrfest<\/a><\/h2>\n\n<div class=\"wp-block-post-date\"><time datetime=\"2025-04-26T15:36:27+02:00\"><a href=\"https:\/\/dev.feuerwehrwoerth.de\/index.php\/2025\/04\/26\/tanz-in-den-mai-traditionelles-feuerwehrfest\/\">26. April 2025<\/a><\/time><\/div>\n\n<div class=\"wp-block-post-excerpt\"><p class=\"wp-block-post-excerpt__excerpt\">Ihr habt am 30. April noch nichts vor und Lust mal wieder mit euren Freunden wegzugehen? Dann tanzt mit uns zusammen in den Mai hinein! F\u00fcr Essen und Getr\u00e4nke ist ausreichend gesorgt. DJ Franco Schinko sorgt mit seinen Hits daf\u00fcr, dass ihr den Alltag mal wieder hinter euch lassen k\u00f6nnt! Und am Tag darauf geht&hellip; <\/p><\/div>\n\n\n<hr class=\"wp-block-separator has-css-opacity\"\/>\n\n<\/li><li class=\"wp-block-post post-7081 post type-post status-publish format-standard has-post-thumbnail hentry category-allgemein category-woerth tag-ehrung tag-befoerderung tag-ehrungsabend tag-elw1\">\n<figure class=\"alignwide wp-block-post-featured-image\"><a href=\"https:\/\/dev.feuerwehrwoerth.de\/index.php\/2025\/04\/05\/ehrungsabend-der-feuerwehr-woerth-am-rhein\/\" target=\"_self\"  ><img loading=\"lazy\" decoding=\"async\" width=\"750\" height=\"410\" src=\"https:\/\/dev.feuerwehrwoerth.de\/wp-content\/uploads\/2025\/04\/2025-04-04_ehrungsabend_artikelbild.jpg\" class=\"attachment-post-thumbnail size-post-thumbnail wp-post-image\" alt=\"Ehrungsabend der Feuerwehr W\u00f6rth am Rhein\" style=\"object-fit:cover;\" srcset=\"https:\/\/dev.feuerwehrwoerth.de\/wp-content\/uploads\/2025\/04\/2025-04-04_ehrungsabend_artikelbild.jpg 750w, https:\/\/dev.feuerwehrwoerth.de\/wp-content\/uploads\/2025\/04\/2025-04-04_ehrungsabend_artikelbild-300x164.jpg 300w, https:\/\/dev.feuerwehrwoerth.de\/wp-content\/uploads\/2025\/04\/2025-04-04_ehrungsabend_artikelbild-500x273.jpg 500w\" sizes=\"auto, (max-width: 750px) 100vw, 750px\" \/><\/a><\/figure>\n\n<h2 class=\"wp-block-post-title\"><a href=\"https:\/\/dev.feuerwehrwoerth.de\/index.php\/2025\/04\/05\/ehrungsabend-der-feuerwehr-woerth-am-rhein\/\" target=\"_self\" >Ehrungsabend der Feuerwehr W\u00f6rth am Rhein<\/a><\/h2>\n\n<div class=\"wp-block-post-date\"><time datetime=\"2025-04-05T15:11:25+02:00\"><a href=\"https:\/\/dev.feuerwehrwoerth.de\/index.php\/2025\/04\/05\/ehrungsabend-der-feuerwehr-woerth-am-rhein\/\">5. April 2025<\/a><\/time><\/div>\n\n<div class=\"wp-block-post-excerpt\"><p class=\"wp-block-post-excerpt__excerpt\">Am gestrigen Abend fand bei der Feuerwehr W\u00f6rth am Rhein der diesj\u00e4hrige Ehrungsabend statt. In feierlichem Rahmen wurden zahlreiche Kameradinnen und Kameraden f\u00fcr ihr langj\u00e4hriges Engagement, ihre Verdienste sowie f\u00fcr neue Funktionen und Bef\u00f6rderungen geehrt. Im Rahmen dieses besonderen Abends wurde der neue Einsatzleitwagens (ELW1) des Landkreises Germersheim an die Feuerwehr W\u00f6rth am Rhein offiziell&hellip; <\/p><\/div>\n\n\n<hr class=\"wp-block-separator has-css-opacity\"\/>\n\n<\/li><\/ul><\/div>\n\n\n\n<p><\/p>\n","protected":false},"excerpt":{"rendered":"","protected":false},"author":1,"featured_media":0,"parent":7578,"menu_order":0,"comment_status":"closed","ping_status":"closed","template":"","meta":{"advgb_blocks_editor_width":"","advgb_blocks_columns_visual_guide":"","ngg_post_thumbnail":0,"footnotes":""},"class_list":["post-7688","page","type-page","status-publish","hentry"],"coauthors":[],"author_meta":{"author_link":"https:\/\/dev.feuerwehrwoerth.de\/index.php\/author\/chris\/","display_name":"Christian"},"relative_dates":{"created":"Posted 8\u00a0Monaten ago","modified":"Updated 8\u00a0Monaten ago"},"absolute_dates":{"created":"Posted on 15. September 2025","modified":"Updated on 15. September 2025"},"absolute_dates_time":{"created":"Posted on 15. September 2025 22:34","modified":"Updated on 15. September 2025 23:54"},"featured_img_caption":"","featured_img":false,"series_order":"","_links":{"self":[{"href":"https:\/\/dev.feuerwehrwoerth.de\/index.php\/wp-json\/wp\/v2\/pages\/7688","targetHints":{"allow":["GET"]}}],"collection":[{"href":"https:\/\/dev.feuerwehrwoerth.de\/index.php\/wp-json\/wp\/v2\/pages"}],"about":[{"href":"https:\/\/dev.feuerwehrwoerth.de\/index.php\/wp-json\/wp\/v2\/types\/page"}],"author":[{"embeddable":true,"href":"https:\/\/dev.feuerwehrwoerth.de\/index.php\/wp-json\/wp\/v2\/users\/1"}],"replies":[{"embeddable":true,"href":"https:\/\/dev.feuerwehrwoerth.de\/index.php\/wp-json\/wp\/v2\/comments?post=7688"}],"version-history":[{"count":3,"href":"https:\/\/dev.feuerwehrwoerth.de\/index.php\/wp-json\/wp\/v2\/pages\/7688\/revisions"}],"predecessor-version":[{"id":7768,"href":"https:\/\/dev.feuerwehrwoerth.de\/index.php\/wp-json\/wp\/v2\/pages\/7688\/revisions\/7768"}],"up":[{"embeddable":true,"href":"https:\/\/dev.feuerwehrwoerth.de\/index.php\/wp-json\/wp\/v2\/pages\/7578"}],"wp:attachment":[{"href":"https:\/\/dev.feuerwehrwoerth.de\/index.php\/wp-json\/wp\/v2\/media?parent=7688"}],"curies":[{"name":"wp","href":"https:\/\/api.w.org\/{rel}","templated":true}]}}